136 = 3*l - 2*k. Is (l/18*-3)/(h/(-194)) a prime number?
False
Let l = -27813 - -12795. Is ((-35)/105)/(-1 - 15016/l) prime?
True
Let x be 20/(-15)*3/(-2). Let y be x/((-1)/(-4)*2). Suppose -4*t - 3*m = -2614, y*m + 2628 = 2*t + 2*t. Is t composite?
True
Let s(c) = -1432*c + 30. Let l be s(-15). Suppose -2*t + l + 1376 = 0. Is t composite?
False
Suppose -2*u + 2*j - 14 = 0, -13 = u + 5*j - 6. Let g(y) = -y**3 + 10*y**2 + 10*y - 24. Is g(u) a composite number?
False
Is 64/6 - (-164)/(-246) - -203877 a composite number?
True
Is (-340896)/(-3) + (-12 - -6) + 13 prime?
False
Let o(y) = 15*y - 12. Suppose -4 = -2*f - 20. Let d be o(f). Is (-4638)/(-22) + 3*(-8)/d a prime number?
True
Let i be 44/(-12) - 2/6. Is ((-7753)/2)/(i/8) a composite number?
False
Suppose g - 247755 = 2*o, 0 = -o + 4599 - 4607. Is g a prime number?
True
Let f(d) = 71*d + 1. Suppose -b + 12 = 3*b - 2*z, -3*b = 4*z + 2. Is f(b) prime?
False
Let y(x) = -x**3 + 11*x**2 + 16*x - 6. Suppose 2*g - 24 = -0. Let m be y(g). Suppose -41*v = -m*v + 211. Is v a prime number?
True
Suppose -2*w = -8*w + 96. Suppose 4 = -14*d + w*d. Suppose 0 = -0*j - d*j + 286. Is j a composite number?
True
Let t = -29767 - -182564. Is t prime?
False
Let d = 764 - 1295. Let h be 6/(-8) + d/(-36). Is (h - 12)*(-155)/(-2) a composite number?
True
Let b(y) = -y**3 + 17*y**2 + 17*y + 23. Let m be b(18). Let v be 8 - 20/m - -3065. Suppose 2*l + 1536 = 2*z, 4*l + l = 4*z - v. Is z composite?
True
Suppose 19*p - 10 = -789. Is ((2/(-6))/(-1))/(p/(-286221)) a composite number?
True
Let l(o) = 36*o**2 + 209*o + 199. Is l(54) a composite number?
False
Let s(t) = t**2 - 17*t - 58. Let u be s(20). Suppose -5*o + 5*n = -7060, 7050 = 5*o - u*n + 7*n. Is o a composite number?
True
Let t(i) = -3 - 484*i + 0 - 17 + 33. Is t(-32) a prime number?
False
Let s be -3 + 54 - ((-24)/(-6))/4. Let o = s + 3029. Is o prime?
True
Let w(l) = 5*l - 7. Let i be w(9). Let b be 26/(-1)*(-437)/i. Suppose -b = 3*f - 1862. Is f prime?
True
Let r(c) = 5*c**2 + 23*c - 50. Let n be r(-23). Let q = 4177 - n. Is q a prime number?
True
Let z(v) = -v - 14. Let w be z(13). Is (161 + w)/(4/(-46)*-1) composite?
True
Let n(c) = -1597*c - 7. Let i be n(-3). Let g = i - -411. Is g a prime number?
False
Let h(c) = -c**3 - 22*c**2 - 4*c - 12*c + 67 + 15*c**2. Is h(-30) a prime number?
True
Let a = 121 + -120. Let h be -7*a/(-2)*(-64)/(-56). Suppose -8*f = -h*f - 9332. Is f composite?
False
Let o = -30 - -34. Let n = 680 - 326. Suppose o*a - n = 10. Is a a prime number?
False
Let a(b) = -3*b**2 - 19*b - 4. Let l(z) = -2*z**2 - 19*z - 3. Let y(c) = -4*a(c) + 5*l(c). Let f be y(9). Is -4*(2/f + 444/(-8)) prime?
True
Let t = 4291 - -19889. Let h be (-2*3/(-12))/(14/980). Is ((-8)/(-7) - 1) + t/h a prime number?
True
Suppose 0 = 5*n + 9474 + 4556. Is n/(-4) + (-5)/10 a prime number?
True
Suppose 0 = 5*u + 3*i - 4526630, 1353221 - 5879856 = -5*u - 2*i. Is u a prime number?
True
Let q(z) = -21*z**2 + z + 3. Let f be q(2). Let o = f + 85. Is 28250/40 + o/8 prime?
False
Let g be (-29457)/(-18)*(-5)/(10/(-4)). Let a = 6914 - g. Is a a prime number?
False
Suppose 0 = 17*j - 2173306 - 458073. Is j prime?
True
Let t(o) = -482*o + 427. Let p(k) = -161*k + 141. Let j(q) = 7*p(q) - 2*t(q). Is j(-22) composite?
False
Suppose -3*o = 5*n - 45 + 9, -22 = -5*n + 4*o. Let a = -52 + 91. Is n/a + (-11187)/(-39) prime?
False
Let b be 4 + -2 + (-2 - -1)*-1. Let u be 14/3 - -6*b/(-27). Suppose -811 = -u*v + 1153. Is v a prime number?
True
Is (4/(-14) - 3273906/28)/(5/(-10)) composite?
False
Let u = -131 - -131. Is (364 + -33)*(1 - u)*1 composite?
False
Suppose 0 = -i - 2, 3*q - 5*i = 2*q + 16. Suppose -q*s = -470 - 868. Is s prime?
True
Suppose 0 = -33316*s + 33306*s + 1350460. Is s a composite number?
True
Suppose h + f = -1380, 5*h + 8055 = -f + 1163. Let x = 2255 + h. Is x a prime number?
True
Let h = 61 + -57. Suppose -4*v - h = -12. Is v + 10*67/2 a prime number?
True
Let i(g) = 11*g**3 - 27*g**2 - 47*g - 79. Let f(t) = -5*t**3 + 14*t**2 + 23*t + 39. Let n(v) = 9*f(v) + 4*i(v). Is n(17) prime?
True
Let s(f) = 3507*f - 4720. Is s(51) composite?
False
Suppose 32813 = 10*v + v. Suppose 3*d + v = 2*j, -11*j + 8*j - 2*d + 4507 = 0. Is j a composite number?
False
Suppose 6*z - 4*z - 3*s + 8 = 0, 0 = -5*s + 10. Let p be ((-22)/8 - (-4)/(-16)) + z. Is 15301/77 + p/(-14) a prime number?
True
Let o = -242071 + 509969. Is o a prime number?
False
Suppose -51 - 13 = -4*z. Let k be 62*z - -3 - (0 + -1). Suppose 299 = 5*s - k. Is s a prime number?
False
Let u be (-1 - -2) + -2 - 829. Let y = -47 - -62. Is (u/y)/(2/(-15)) a prime number?
False
Let n(x) = x**2 - 16*x + 31. Let z be n(16). Let b(j) = z*j**2 - 81*j**2 + j**3 + 42*j**2 + 7*j + 27. Is b(15) a composite number?
True
Let z be 55/((0/1 - 1)/1). Is 11/(z/(-30)) - -711 a prime number?
False
Suppose -8*n + 215 = 47. Is (-2)/(-7) - (-98127)/n a prime number?
True
Let w(l) = 95*l**3 + 2*l**2 + 2*l + 1. Let h be w(-1). Let x = -92 - h. Suppose x*i - 320 = -2*a, -i + 209 = 4*a + 58. Is i a prime number?
True
Is ((-5)/3)/((-505)/38981859) a prime number?
False
Suppose 2*s - 2*p = 359044, 13*s + p = 9*s + 718073. Is s composite?
False
Let x = -217 - 2202. Let a = 8166 + x. Is a prime?
False
Let t = -13761 - -22580. Is t a prime number?
True
Suppose -5*m = 4*c - 100, -4*c + 4*m = 28 - 128. Suppose 3418 = 3*u + w, -5 + c = -4*w. Is u a composite number?
True
Let x(c) = -17*c**2 + 23*c - 8. Let p(z) = -31*z**2 + 43*z - 15. Let w(t) = -3*p(t) + 5*x(t). Let b(i) = i**2 + 3. Let j be b(3). Is w(j) a composite number?
True
Let q(i) = 22*i + 244. Let k be q(-11). Suppose k*l - 3*g = 37157, 4*l + g + 3*g = 74344. Is l a prime number?
True
Let m = -163 - -42. Let f = -121 - m. Suppose 0 = -t + 5*t + 12, -5*a - 3*t + 281 = f. Is a composite?
True
Let b = 267874 + -187709. Is b prime?
False
Suppose 3*i = 11*i - 32. Is 3606 - (i/(-3) + (-9)/(-27)) prime?
True
Suppose -72*w + 5295378 + 212999 = 271169. Is w composite?
False
Let p(g) = -2*g**2 + 1933. Let z(l) = 5*l - 15. Let d be z(3). Let m be p(d). Suppose 3*b + m = 4*r, -5 + 8 = -b. Is r composite?
True
Let f be (-330)/(-99) + (-4)/(-6). Suppose -39560 = -2*x - 2*g + 10270, 5*x = f*g + 124593. Is x prime?
True
Let q(g) = g**3 + 117*g**2 - 430*g + 95. Is q(-113) a prime number?
True
Suppose 16*j - 7*j = 27. Suppose 17*w - 46140 = -j*w. Is w prime?
False
Let z be (-1)/(1/(-2061)*3). Suppose -p + 385 = -2*p + 3*c, -c - 1105 = 3*p. Let y = p + z. Is y a composite number?
False
Let s(v) = v**3 - 25*v**2 + 3*v + 34. Let d be s(25). Let f = 518 - d. Is f a composite number?
False
Suppose 3*m = 2*f + 354, m = 5*f + 134 - 29. Suppose m = -2*j - 134. Is j*6*3/(-6) a prime number?
False
Let r = -290 + 154. Let j = r - -136. Is 2/(4/2) + j + 5166 prime?
True
Suppose 0 = -5*z - 3*s + 113341, -5*s - 90676 = -4*z - 9*s. Is z a composite number?
True
Let i(v) be the first derivative of 153*v - 144*v + 18 - 89*v**2 + 5. Is i(-1) composite?
True
Let m(l) = 756*l**3 + l**2. Suppose -4*y + 3*y = -5. Suppose 0 = r + 2*b + 3*b + 19, -22 = -2*r + y*b. Is m(r) prime?
True
Suppose 2*t = -5*k + 4221822, -113*k = -4*t - 108*k + 8443524. Is t composite?
False
Let o(z) = z**3 + 25*z**2 - 26*z - 4. Let t be o(-26). Is (59523/6)/(t/(-8)) a prime number?
True
Let f(n) = -13*n**3 + 17*n**2 - 23*n + 9. Let w be f(7). Let t = 3549 - w. Is t prime?
False
Let f = -143 + 129. Let n(y) = 65*y - 22. Let s be n(f). Let t = s - -1839. Is t prime?
True
Let p = -671370 - -1271791. Is p a prime number?
True
Is (-38602)/(-4)*((-1188)/33 + 38) a composite number?
False
Let a = -457 + 681. Let d = 977 + -528. Let u = a + d. Is u composite?
False
Is (-9905654)/(-42) - ((-14)/(-735))/(11/(-55)) composite?
False
Let v = 959 - 622. Is v prime?
True
Let o(t) = 1275*t**2 - 107*t + 17. Is o(5) a composite number?
False
Let u be 153/85 + (-1)/(-5). Suppose u*v = -10, 4*d + 0*v + 5*v = 18115. Is d a prime number?
False
Let a be 2 + (68 - (-16)/(-4)). Let s(h) = 147*h**2 - 53*h**2 + a*h**2 - h + 2*h. Is s(1) composite?
True
Let h(u) = 505*u**2 + 35*u + 31. Is h(-13) a composite number?
True
Let m = 95361 + -43128. Suppose -8*j + m - 10705 = 0. Is j composite?
True
Let p(m) = 4937*m**2 + 21*m - 9. Let i be p(4). Let l = -50886 + i. Is l prime?
True
Suppose 2